{"id":574,"date":"2022-08-01T18:51:25","date_gmt":"2022-08-01T16:51:25","guid":{"rendered":"http:\/\/www.assoletape.org\/?page_id=574"},"modified":"2024-03-07T10:58:19","modified_gmt":"2024-03-07T08:58:19","slug":"foire-aux-questions","status":"publish","type":"page","link":"https:\/\/www.assoletape.org\/?page_id=574","title":{"rendered":"Foire aux Questions"},"content":{"rendered":"<div  data-label=\"Cta\" data-id=\"cta--1\" data-export-id=\"cta-centered-bg-section\" data-category=\"cta\" data-section-ov=\"1\" class=\"cta-centered-bg-section content-section content-section-spacing-medium white-text\" data-parallax-depth=\"20\" id=\"cta-1\" style=\"background-color: rgb(245, 250, 253);\"><div  class=\"gridContainer\"> <div  class=\"row text-center\"><div  data-type=\"column\" class=\"\">  <p  class=\"lead\">Vous trouverez ci-dessous une liste non exhaustive des questions les plus pos\u00e9es ainsi que leurs r\u00e9ponses. \n<br >Cette section s\u2019agr\u00e9mente au fil du temps, et si vous ne trouvez pas votre question\/r\u00e9ponse, vous pouvez toujours nous contacter.<\/p><\/div> <\/div><\/div> <\/div><div  data-label=\"Overlappable\" data-id=\"overlappable--1\" data-export-id=\"overlappable-5\" data-category=\"overlappable\" class=\"overlappable-5 content-section content-section-spacing\" data-overlap=\"true\" id=\"overlappable-1\" style=\"background-color: rgb(255, 255, 255);\"><div  class=\"gridContainer\"> <div  data-type=\"row\" class=\"row shadow-medium bg-color-white\"><div  class=\"col-xs-12 col-sm-4 col-padding col-padding-xs bg-color-white col-md-12 \"> <div  class=\"row middle-sm\"><div  class=\"col-xs-12 col-sm-fit icon-column\"> <i  class=\"fa icon fa-question bordered round color2\"><\/i><\/div> <div  data-type=\"column\" class=\"col-xs-12 col-sm v-spacing\"><h5  class=\"\">Comment dois-je m\u2019inscrire ?<\/h5><\/div> <\/div> <div  class=\"row\"> <div  class=\"col-xs-12 col-sm-12\" data-type=\"column\"> <p  class=\"\">Une fois l\u2019ordonnance re\u00e7ue, nous vous prions de vous inscrire directement dans l\u2019onglet Inscription ou par email \u00e0 direction@assoletape.org<\/p> <\/div> <\/div><\/div> <div  class=\"col-xs-12 col-sm-4 col-padding col-padding-xs bg-color-white col-md-12 \"><div  class=\"row middle-sm\"> <div  class=\"col-xs-12 col-sm-fit icon-column\"><i  class=\"fa icon fa-question bordered round color2\"><\/i><\/div> <div  data-type=\"column\" class=\"col-xs-12 col-sm v-spacing\"><h5  class=\"\">L\u2019\u00c9tape a-t-elle un pouvoir d\u00e9cisionnel ?<\/h5><\/div> <\/div> <div  class=\"row\"> <div  class=\"col-xs-12 col-sm-12\" data-type=\"column\"> <p  class=\"\">Non.\n<br ><br >L\u2019\u00c9tape r\u00e9dige une note d\u2019observation qui est envoy\u00e9e en cours et en fin de mesure. Seule la Justice d\u00e9cide de la suite \u00e0 donner.<\/p> <\/div> <\/div><\/div> <div  class=\"col-xs-12 col-sm-4 col-padding col-padding-xs bg-color-white col-md-12 \"><div  class=\"row middle-sm\"> <div  class=\"col-xs-12 col-sm-fit icon-column\"><i  class=\"fa icon fa-question bordered round color2\"><\/i><\/div> <div  data-type=\"column\" class=\"col-xs-12 col-sm v-spacing\"><h5  class=\"\">Que se passe-t-il en cas de manquement au r\u00e8glement ?<\/h5><\/div> <\/div> <div  class=\"row\"> <div  class=\"col-xs-12 col-sm-12\" data-type=\"column\"> <p  class=\"\">L\u2019\u00c9tape se r\u00e9serve le droit d\u2019interrompre la rencontre sur le champ. \n<br ><br ><span  style=\"font-weight: 400;\">Nous enverrons \u00e9galement une note d\u2019incident au Juge.<\/span><\/p> <\/div> <\/div><\/div> <div  class=\"col-xs-12 col-sm-4 col-padding col-padding-xs bg-color-white col-md-12 \"> <div  class=\"row middle-sm\"><div  class=\"col-xs-12 col-sm-fit icon-column\"> <i  class=\"fa icon fa-question bordered round color2\"><\/i><\/div> <div  data-type=\"column\" class=\"col-xs-12 col-sm v-spacing\"><h5  class=\"\" style=\"text-align: justify;\">Je suis un parent visiteur, est-ce que je peux venir avec une personne (grand-m\u00e8re, grand-p\u00e8re, belle-m\u00e8re, beau-p\u00e8re, demi-fr\u00e8re, demi-soeur,\u2026) ?<\/h5><\/div> <\/div> <div  class=\"row\"> <div  class=\"col-xs-12 col-sm-12\" data-type=\"column\"> <p  class=\"\">Non, comme sp\u00e9cifi\u00e9 dans le r\u00e9glement.<br ><br >Je dois faire une demande aupr\u00e8s du juge aux affaires familiales (JAF) du tribunal qui a d\u00e9sign\u00e9 l\u2019Etape.<\/p> <\/div> <\/div><\/div><div  class=\"col-xs-12 col-sm-4 col-padding col-padding-xs bg-color-white col-md-12 \"> <div  class=\"row middle-sm\"><div  class=\"col-xs-12 col-sm-fit icon-column\"> <i  class=\"fa icon fa-question bordered round color2\"><\/i><\/div> <div  data-type=\"column\" class=\"col-xs-12 col-sm v-spacing\"><h5  class=\"\" style=\"text-align: justify;\">Je suis un parent visiteur, est-ce que je peux demander \u00e0 l\u2019Etape de me transmettre les papiers d\u2019identit\u00e9, le carnet de sant\u00e9 de mon (mes) enfant(s) ?<\/h5><\/div> <\/div> <div  class=\"row\"> <div  class=\"col-xs-12 col-sm-12\" data-type=\"column\"> <p  class=\"\">L\u2019Etape n\u2019a pas pour mission de remettre ce genre de documents. Le parent doit faire une demande aupr\u00e8s de son avocat qui g\u00e8rera avec la partie adverse.<\/p> <\/div> <\/div><\/div><div  class=\"col-xs-12 col-sm-4 col-padding col-padding-xs bg-color-white col-md-12 \"> <div  class=\"row middle-sm\"><div  class=\"col-xs-12 col-sm-fit icon-column\"> <i  class=\"fa icon fa-question bordered round color2\"><\/i><\/div> <div  data-type=\"column\" class=\"col-xs-12 col-sm v-spacing\"><h5  class=\"\" style=\"text-align: justify;\">Je suis un parent h\u00e9bergeant, je dois faire signer un document scolaire (sortie, voyage, \u2026), puis-je demander \u00e0 l\u2019\u00e9quipe des accueillants de remettre le document au parent visiteur ?<\/h5><\/div> <\/div> <div  class=\"row\"> <div  class=\"col-xs-12 col-sm-12\" data-type=\"column\"> <p  class=\"\">Oui, l\u2019\u00e9quipe peut se charger de cette mission dans l\u2019int\u00e9r\u00eat de l\u2019enfant.<\/p> <\/div> <\/div><\/div><div  class=\"col-xs-12 col-sm-4 col-padding col-padding-xs bg-color-white col-md-12 \"> <div  class=\"row middle-sm\"><div  class=\"col-xs-12 col-sm-fit icon-column\"> <i  class=\"fa icon fa-question bordered round color2\"><\/i><\/div> <div  data-type=\"column\" class=\"col-xs-12 col-sm v-spacing\"><h5  class=\"\" style=\"text-align: justify;\">Je re\u00e7ois un jugement o\u00f9 l\u2019Etape est d\u00e9sign\u00e9e pour 6 mois avec 2 visites par mois. Comment se fait le calcul du calendrier ?<\/h5><\/div> <\/div> <div  class=\"row\"> <div  class=\"col-xs-12 col-sm-12\" data-type=\"column\"> <p  class=\"\">A partir du jour du premier accueil effectu\u00e9, l\u2019Etape proposera 6\u00d72 = 12 visites.\n<br >\n<br >Attention : les absences ne sont ni rattrap\u00e9es ni report\u00e9es.<\/p> <\/div> <\/div><\/div><div  class=\"col-xs-12 col-sm-4 col-padding col-padding-xs bg-color-white col-md-12 \"> <div  class=\"row middle-sm\"><div  class=\"col-xs-12 col-sm-fit icon-column\"> <i  class=\"fa icon fa-question bordered round color2\"><\/i><\/div> <div  data-type=\"column\" class=\"col-xs-12 col-sm v-spacing\"><h5  class=\"\" style=\"text-align: justify;\">Dans mon jugement il est pr\u00e9cis\u00e9 : \u00ab&nbsp;Dit qu\u2019\u00e0 l\u2019issu du d\u00e9lai de six mois, le droit de visite en lieu neutre cessera de plein droit, sauf si l\u2019un des parents justifie aupr\u00e8s de l\u2019Etape avoir saisi le Juge aux Affaires Familiales pour qu\u2019il soit de nouveau statu\u00e9 sur le droit de visite et\/ou d\u2019h\u00e9bergement du parent b\u00e9n\u00e9ficiaire du droit de visite en lieu neutre et auquel cas, cette mesure se poursuivra jusqu\u2019\u00e0 nouvelle d\u00e9cision.&nbsp;\u00bb\n<br ><br > Concr\u00e8tement, qu\u2019est-ce que je dois faire ?<\/h5><\/div> <\/div> <div  class=\"row\"> <div  class=\"col-xs-12 col-sm-12\" data-type=\"column\"> <p  class=\"\">Le parent h\u00e9bergeant ou visiteur doit resaisir le juge aux affaires familiales plusieurs mois avant la date de fin pr\u00e9vue et fournir un document officiel \u00e0 l\u2019Etape (mail de l\u2019avocat, accus\u00e9 de r\u00e9ception du tribunal par exemple). Si ce document n\u2019est pas remis, les visites s\u2019arr\u00eateront.<\/p> <\/div> <\/div><\/div><\/div><\/div> <\/div>","protected":false},"excerpt":{"rendered":"<p>Vous trouverez ci-dessous une liste non exhaustive des questions les plus pos\u00e9es ainsi que leurs r\u00e9ponses. Cette section s\u2019agr\u00e9mente au fil du temps, et si vous ne trouvez pas votre question\/r\u00e9ponse, vous pouvez toujours nous contacter. Comment dois-je m\u2019inscrire ? Une fois l\u2019ordonnance re\u00e7ue, nous vous prions de vous inscrire directement dans l\u2019onglet Inscription ou&hellip; <br \/> <a class=\"read-more\" href=\"https:\/\/www.assoletape.org\/?page_id=574\">Read more<\/a><\/p>\n","protected":false},"author":1,"featured_media":0,"parent":0,"menu_order":2,"comment_status":"closed","ping_status":"closed","template":"pro\/page-templates\/full-width-page.php","meta":{"footnotes":""},"class_list":["post-574","page","type-page","status-publish","hentry"],"_links":{"self":[{"href":"https:\/\/www.assoletape.org\/index.php?rest_route=\/wp\/v2\/pages\/574","targetHints":{"allow":["GET"]}}],"collection":[{"href":"https:\/\/www.assoletape.org\/index.php?rest_route=\/wp\/v2\/pages"}],"about":[{"href":"https:\/\/www.assoletape.org\/index.php?rest_route=\/wp\/v2\/types\/page"}],"author":[{"embeddable":true,"href":"https:\/\/www.assoletape.org\/index.php?rest_route=\/wp\/v2\/users\/1"}],"replies":[{"embeddable":true,"href":"https:\/\/www.assoletape.org\/index.php?rest_route=%2Fwp%2Fv2%2Fcomments&post=574"}],"version-history":[{"count":10,"href":"https:\/\/www.assoletape.org\/index.php?rest_route=\/wp\/v2\/pages\/574\/revisions"}],"predecessor-version":[{"id":835,"href":"https:\/\/www.assoletape.org\/index.php?rest_route=\/wp\/v2\/pages\/574\/revisions\/835"}],"wp:attachment":[{"href":"https:\/\/www.assoletape.org\/index.php?rest_route=%2Fwp%2Fv2%2Fmedia&parent=574"}],"curies":[{"name":"wp","href":"https:\/\/api.w.org\/{rel}","templated":true}]}}